uppose 62911 = -16*q + 3823. Let y = 6730 + q. Is y a prime number?
True
Let s be (0 - 2555/(-21))*141. Suppose s = 11*j + 1326. Is j a composite number?
False
Let c(g) be the first derivative of -1426*g**2 + 3*g - 1. Suppose 9*n = 0, 8*n - 2 = 2*o + 5*n. Is c(o) composite?
True
Is ((-286648)/80*22*-2)/((-4)/(-10)) a composite number?
True
Is ((-2571)/(-1714))/((-50225)/(-50222) - 1) prime?
True
Suppose 0 = -12*d + 11758 + 27830. Is d a prime number?
True
Let a(k) = -48*k - 42. Let d be a(-4). Suppose -p = d - 2561. Is p prime?
True
Let l(g) = 1886*g - 69. Suppose 8*o - 144 = -10*o. Is l(o) composite?
True
Let v be (-2*(-4)/(-12))/(3/9). Let d = 6 + v. Suppose -4*w + 213 = -w + 3*h, -d*h - 319 = -5*w. Is w composite?
False
Suppose 392*i = 377*i + 463665. Is i a prime number?
True
Let b = -384487 - -596898. Is b a composite number?
False
Let q(n) = 2*n**2 + 15*n - 27. Let g be q(-9). Suppose -p - 4*p + 18565 = g. Is p a prime number?
False
Suppose 3*g = -5*u + 12, 12*g - 20 = 3*u + 7*g. Suppose -10*i + 7*i + 2*s + 1219 = u, 0 = 5*i + s - 2036. Is i a prime number?
False
Let q = -101700 + 205171. Is q composite?
False
Let n(q) = 21544*q**3 - 2*q**2 + 10*q - 11. Is n(1) composite?
True
Suppose 275*c - 272*c + 6495 = 25086. Is c a prime number?
True
Let a = 805 + 89. Suppose 5*x - 2*j - 3709 - a = 0, -1842 = -2*x + j. Is x a prime number?
True
Suppose 5*g - 4 = v + 5, v = 2*g - 6. Let y(b) = -348*b**3 + b**2 - 5*b + 19. Is y(v) a composite number?
True
Suppose 4*o + 12 = 0, 5 = 3*j - 5*o - 1. Let w(b) = -b + 1. Let f(n) = 40*n + 10. Let s(y) = -f(y) + 3*w(y). Is s(j) a prime number?
False
Let b = 46341 - -3882. Is b a composite number?
True
Let x(k) = 970*k - 11. Let a(l) = 323*l - 4. Let i(p) = -8*a(p) + 3*x(p). Let v be i(1). Let o = 620 - v. Is o composite?
True
Suppose -99698 = -2*j + 4*z, 5*j - 41*z = -40*z + 249218. Is j a prime number?
True
Let y = -1382 - -317. Let h = -160 + -390. Let k = h - y. Is k a composite number?
True
Let l = -616 - -648. Suppose -52814 = -3*y - t, -30*t = 5*y - l*t - 88005. Is y a composite number?
True
Let m(h) be the second derivative of -h**5/10 - 5*h**4/12 - 7*h**3/6 - 9*h**2/2 + 12*h. Let n(w) = 4*w + 8. Let v be n(-4). Is m(v) a composite number?
False
Suppose 3*f + 14 = -4*j, 0 = -11*f + 12*f - 5*j + 11. Let o(v) be the first derivative of -5*v**4/4 - 7*v**3/3 - v**2 - v + 2. Is o(f) prime?
True
Let a = 247494 - 136723. Is a prime?
True
Let c(t) = 4*t**3 - 91*t**2 - 82*t + 15. Is c(44) a prime number?
True
Suppose -5*a + 5*v = -1350, -4*a + v + 1080 = -v. Is (a/12)/(-15) - 93927/(-6) a prime number?
False
Let g(u) be the third derivative of 137*u**4/24 + 235*u**3/6 - 16*u**2. Is g(6) a composite number?
True
Is ((-3)/(-7) - 2662/4235)*(-4998001 - -6) a prime number?
True
Suppose 4*n + 20 = 0, -2*r - 2*r - 5*n = 105. Let i = -2 - r. Is 7/(14/120) - i/9 prime?
False
Let t(y) = -11*y. Let c be t(-4). Let j be 209/c - 2/(-8) - -1. Let d(f) = 37*f**2 + 9*f + 11. Is d(j) a composite number?
True
Let l(p) = -49*p + 8. Suppose 26*c - 28*c = 10. Is l(c) composite?
True
Suppose 132*u - 151*u = 404*u - 185722803. Is u prime?
False
Let m = 11858 - -2249. Is m prime?
True
Suppose -10 - 73 = b. Is 166/b - (-487 - (2 - 2)) prime?
False
Let f be ((-11)/(-3) - 3)/(28/294). Is (12603/(-12))/(f/(-28)) prime?
True
Suppose -z + 3*k + 1768 = 0, -10*k + 11*k - 2 = 0. Suppose 1342 = 3*a - 2*q, -4*a + 0*q = 5*q - z. Is a prime?
False
Let a(o) be the third derivative of -o**6/120 - 2*o**5/15 - o**4/8 - 11*o**3/6 + o**2. Let b = 378 - 387. Is a(b) prime?
True
Let k be ((-6)/4)/((-27)/(-234)). Is 2/k + 7633/13 a composite number?
False
Suppose 14428 - 821371 = -16*x + 181553. Is x a composite number?
False
Suppose 10*j - 7 = 13. Is (-3271*(-2)/1)/(j - 0) composite?
False
Let r(z) = 106*z + 78. Let i(q) = -159*q - 118. Let k(b) = 5*i(b) + 7*r(b). Is k(-6) prime?
False
Is ((-3602848)/(-112))/(4/14) a prime number?
True
Let p = 71 - 71. Suppose 5*q + 33 - 43 = p. Suppose -2*c + 1458 = 2*d, q*d - 3*d - 737 = -c. Is c prime?
True
Let m(w) = 43*w**2 - 551. Is m(20) a composite number?
False
Suppose 8*q + d = 4*q + 4, 0 = -5*q - 2*d + 8. Suppose -5*c + 48049 = n, c - 3*n + n - 9601 = q. Is c a composite number?
True
Suppose r + 3*r - 3*a + 847 = 0, r + 4*a + 188 = 0. Let o be 3/(-15) - r/40. Suppose -o*q = -4165 - 1720. Is q composite?
True
Suppose -u + 82723 = i - 4044, 4*u = 0. Is i a composite number?
False
Suppose -11*k = 6*k + 155108. Let y = -3615 - k. Is y a composite number?
True
Suppose -1367*i + 1648734 = -1364*i + 5*m, -i + 549576 = m. Is i prime?
False
Let j = -15 + -6. Let v = j + 27. Is 22 - (-2)/(v/9) a composite number?
True
Let q(b) = 745*b**2 + 46*b - 895. Is q(24) a composite number?
False
Let g(u) = u**3 + 68*u**2 - 268*u - 152. Is g(-69) a prime number?
False
Suppose r = -3*g + 11, 3*g - 3*r = 15 - 0. Is g + -6 - -6 - -1369 prime?
True
Let s(b) = -4901*b**3 - 39*b**2 - 17*b - 10. Is s(-7) composite?
True
Let w(z) = -z**3 - 124*z**2 + 197*z + 259. Is w(-130) a composite number?
True
Let i = 104 + -78. Let r = 32 - i. Suppose 4807 = r*b - 4*b + 3*y, y = -5*b + 12050. Is b a composite number?
False
Let r(x) = -84*x**2 + 18*x - 25. Let g be r(-17). Is 20/30 + g/(-3) a composite number?
True
Suppose -15*x + 7578026 = 54*x - 14036155. Is x a prime number?
True
Let m(l) be the first derivative of l**3 - 21*l**2/2 + 29*l + 19. Is m(-19) a composite number?
False
Suppose 19 = 2*u + 9, -g - 3*u + 99923 = 0. Suppose -13*t = -13361 - g. Is t a prime number?
True
Let r = 571 + -566. Suppose 1219 - 3871 = -3*l + 2*h, 3*h = -3*l + 2652. Suppose -5*n = 2*t - 0*t - 1122, r*t = -4*n + l. Is n a prime number?
False
Let k = 59 + -55. Suppose 2*p = -k*l + 50511 + 55455, l = 2*p + 26479. Is l prime?
True
Suppose 3*h - 3 = 2*h. Let b be 2*(h - 4) + 9. Let o(d) = 144*d + 19. Is o(b) a prime number?
False
Let i(v) = -v + 11. Let r be i(9). Let s(g) = -3*g**2 + g**2 + 2*g + 919 - g**r + 4*g**2. Is s(0) a composite number?
False
Is (-1 + 8)*(-10549764)/(-1134) composite?
True
Let c be (6*102)/(-3)*(-6)/4. Suppose r - 2401 - c = 0. Is r a composite number?
False
Suppose y - 15*y = 28. Let v be y/(-7) + 12/7. Suppose -n - c + 35 = 0, -n - 5*c + v*c + 29 = 0. Is n a composite number?
True
Let c = 599232 + -402131. Is c prime?
True
Suppose -4*t + 249217 = -83*m + 88*m, -2*t = 3*m - 149533. Is m a prime number?
False
Let i be (-693)/(-81) + 12/27. Suppose 3*l = -i*l + 181572. Is l a prime number?
True
Let q = 52400 + -27667. Is q composite?
False
Let t = -6357 - -16090. Is t prime?
True
Let q = -54277 - -109224. Is q a prime number?
False
Suppose -7*x + 2*x - 5 = 0, -3*c = x - 10184. Suppose -a - 2*v = -1994 - c, 0 = -5*a - v + 26909. Is a prime?
True
Let l(c) = 100*c**2 + 76*c**2 - 1 - 481*c + 230*c + 236*c. Is l(-12) prime?
True
Let v(i) = 218*i + 7593. Is v(127) composite?
False
Let r = 26 + 50. Suppose 3*w - 17 - 49 = 3*x, 2*w = -11*x - 229. Let a = r + x. Is a composite?
True
Let n(k) = 18*k**2 + 26*k + 16. Let r(p) = -6*p**2 - 9*p - 5. Let u(l) = 6*n(l) + 17*r(l). Is u(-10) a prime number?
False
Let y(u) = -24*u**3 - 2*u**2 + 3*u - 2. Let b be y(2). Suppose 10*m - 15*m = -2*p - 1679, 5*p - m = -4140. Let a = b - p. Is a composite?
False
Suppose -3*k + 5*l + 455827 = -690665, 4*k = 2*l + 1528642. Is k prime?
False
Let i(c) be the third derivative of -451*c**4/24 + 13*c**3/3 + 3*c**2. Let w be 4*-3 - (-91 + 90). Is i(w) a prime number?
True
Let y be 53*6*4/8. Let x be y/7 + (-2)/(-21)*3. Let c(a) = 156*a + 71. Is c(x) composite?
False
Let s(q) = 52*q**3 + q**2 + q - 1. Let x be s(1). Let t be (598/(-184))/((0 + -2)/8). Suppose 14*p = t*p + x. Is p a composite number?
False
Suppose 0 = -i - 4*i + 7015. Let y(v) = 649*v**2 + 3*v + 6. Let d be y(-1). Let c = i - d. Is c a composite number?
False
Suppose -x = -4, -4*r + 5*x - 818 = -r. Is -9897*(r/285 + 3/5) a composite number?
False
Let f(u) = -3*u + 45*u**2 + 36*u**2 - 7*u**2 + 2*u + 4. Suppose 0*m - 2*m - 6 = 0. Is f(m) a prime number?
True
Suppose -7*z - 10 = -12*z. Let s be z + 3/(-2 + 1). Is (-996)/s + -2 + (-13 - -12) composite?
True
Let a(q) = q**2 - 6*q + 12. Let l be a(6). Suppose -24 = 2*s - 3*y + l, 2*y = -4*s - 72. Is 12/8*(-6972)/s prime?
False
Let m(u) = -77*u**3 + 0*u**2 - 5*u - u 